t g(j) be the third derivative of j**6/120 + j**5/12 + j**4/4 + 5*j**3/6 - 5*j**2 - 45*j. Calculate g(-3).
5
Suppose -3*j - 13 = 3*t + 8, 0 = -5*t + j - 23. Let q be (8/6)/(t/90). Let f = 21 + q. Let x(w) = -w**3 - 3*w**2 + w - 3. Give x(f).
-6
Let o(s) = 0*s**3 + 67*s**2 + 16 - 29*s**2 + s**3 + 23*s - 26*s**2 - 15*s. Determine o(-11).
49
Let b(z) be the first derivative of 2*z + 1/4*z**4 - 27 - z**3 - 2*z**2. Give b(4).
2
Let a(t) = -572*t + 566*t + 4 - 2*t**3 + 5 - 13*t**2. Give a(-6).
9
Let v(n) be the second derivative of -9*n**5/40 - 2*n**3 + 9*n**2/2 - 256*n. Let d(s) be the second derivative of v(s). Calculate d(-1).
27
Let f be 3/3 + (1 - 1) + 1. Suppose -f*v = l + 33, 3*v + 2*v - 90 = 5*l. Let n = -29 - l. Let r(j) = -j**2 - 7*j - 9. Calculate r(n).
-3
Let o(q) = -2*q**2 - q - 77. Let r(y) = -5*y**2 - 3*y - 252. Let v(m) = -13*o(m) + 4*r(m). Determine v(3).
50
Let r(i) = -i**2 - 16*i - 4. Let f(y) = y**3 + 62*y**2 - 127*y + 46. Let t be f(-64). Determine r(t).
-40
Let l(m) be the second derivative of m**4/12 - m**3/3 - 6*m**2 - 2*m. Let w = 114570 - 114565. What is l(w)?
3
Let x(p) be the first derivative of p - 1/3*p**3 + 1/2*p**2 + 65. Calculate x(-1).
-1
Suppose -92 = -8*c - 4*h + 5*h, -c - 5*h = -32. Let j(z) be the second derivative of -c*z + z**2 + 0 + 1/2*z**3. Calculate j(4).
14
Let g(j) = -j. Let h be 1*(123/3 + -1). Let b be 126/(-10)*170/51. Let t = h + b. Determine g(t).
2
Suppose -5*f + 6 = s, -7*s + 4*s + 18 = -4*f. Suppose 0 = s*w - 60 + 36. Let m(p) = 5*p. Determine m(w).
20
Let v = 0 - -4. Let w(z) = 2*z - z**2 + 3 + 2*z + v. Suppose 8*i - 297 = -257. Determine w(i).
2
Let x(d) = -d**3 + 8*d**2 - 6*d + 6. Suppose 3*o + 30*a - 16 = 29*a, -4*a = -3*o + 41. Give x(o).
13
Let g(l) = -3846*l + 5*l**2 + 3928*l + 4 + 23 + 5 + 0*l**2. Calculate g(-16).
0
Let h(v) = 4*v**2 - 63*v + 105. Let k(d) = d**2 - 19*d + 32. Let f(n) = 2*h(n) - 7*k(n). Give f(-6).
-20
Let k(j) = j**2 - 6*j + 6. Let n(o) = 26*o - 6. Let r be n(1). Suppose c - 2*f + 12 - 27 = 0, 5*f = -c - r. Give k(c).
1
Let w(u) = u**2 + 12*u + 1. Let m(f) = -16*f - 189. Let i be m(-11). Give w(i).
14
Suppose 2*r = -2*r + 2*v + 54, -r = 2*v - 1. Let d(o) be the first derivative of -o**2/2 + 2*o - 300. Determine d(r).
-9
Let n be 32*((-33)/6)/(-11). Let j(p) = 1 - 3*p**2 - 3*p**2 + 6*p**2 + n*p**2. Give j(-1).
17
Let z = 15306 + -15312. Let v(k) = 2*k + 42. Calculate v(z).
30
Let k(x) = 54*x**2 + 56*x**2 + 22*x - 1 - 113*x**2 + 4 - 10*x. Let n(d) = -d + 2. Let b be n(-2). Calculate k(b).
3
Let o(r) = r**3 - 11*r**2 + 10*r + 7. Let j = 45 - 10. Suppose -j = -11*x + 119. Let q(f) = -f**2 + 16*f - 18. Let k be q(x). Give o(k).
7
Let n(v) = 3*v + 63*v**2 + 19 + 63*v**2 + 61*v**2 - 35 - 177*v**2 + v**3. Determine n(-10).
-46
Let g(v) = 5 - 2 + 638*v + 6*v**2 - 9*v**2 - 627*v. What is g(5)?
-17
Let t(j) be the first derivative of -j**3/3 + 3*j**2 + 24*j - 3543. Calculate t(-4).
-16
Let b(m) = m**3 - m**2 - m. Let l = 147 + -148. Let a(y) = 5*y**2 + y - 6. Let s(c) = c - 2. Let o be s(3). Let x(p) = l*b(p) + o*a(p). Calculate x(6).
6
Let v be (((-44)/6)/11)/(4/(-12)). Let k(x) = -21*x + 53*x**3 - 52*x**3 + 2*x**v + 2 + 23*x. Calculate k(-2).
-2
Let i = 21345 - 21358. Let x(g) = g - 13*g**2 + 7 - 3*g**3 + 0*g + 2*g**3. Give x(i).
-6
Let v(t) be the second derivative of -t**4/12 - 2*t**3/3 - t**2/2 + t. Suppose 0 = -7*y + 12 + 2. Suppose 2 = y*q, -q + 11 = -3*p - 2. What is v(p)?
-1
Let i(f) = 3*f + 3. Suppose 0 = -2*l - 10, 2*y + l + 8 = -3. Let p(b) = 11*b + 30. Let u be p(y). Determine i(u).
-6
Let p(t) = -4283 + 11*t + 2140 + 2146. Give p(-7).
-74
Let q be 5 + (3 + -1 - 1). Let k(g) = 7*g - 18. Let l(r) = -11*r + 28. Let w be ((-20)/(-15))/(2/(-12)). Let z(v) = w*k(v) - 5*l(v). Give z(q).
-2
Let q(y) = -y - 2*y**2 - 3045 + 1533 - y**3 - 9*y**2 + 1519. Give q(-11).
18
Let x be 12462/217 - 6/14. Let u(j) = -4*j**2 - 3*j + 4*j**2 + 54 + 2*j**2 - x. Give u(4).
17
Let t(g) = 0 - 9*g + 7*g - 1. Let j be t(-3). Let f(l) = -2*l - 6*l - 577 + 3*l + 3*l + 576. What is f(j)?
-11
Suppose -5*g + 4*z - 40 = -6*g, 2*g - z - 80 = 0. Suppose 7*m = g + 23. Suppose m*n = -2*n + 66. Let i(o) = o**3 - 5*o**2 - 7*o + 1. What is i(n)?
-5
Let x(d) = d**3 + 6*d**2 - 18*d - 14. Let s be x(-8). Let q(c) = -s*c**2 - 1 + 3 - 8*c + 3*c**2 - 7. Let a(v) = 12*v - 3. Let p be a(1). Give q(p).
4
Let x(s) be the second derivative of -3*s**3/2 + 29*s. Suppose 3*l - 2*l = -27. Let m = l + 25. Determine x(m).
18
Suppose 95 + 49 = 16*r. Suppose -r*d + 5*s = -4*d, -4*d = -s - 9. Let q(m) = -2*m**2 + 2*m. Determine q(d).
-12
Let o(n) be the first derivative of n**3/3 - 4*n**2 + 9*n - 1. Suppose -9*a = -q - 7*a + 9, 0 = 5*q + 4*a + 25. Let y be (-52)/(-8) + q/2 - -1. Determine o(y).
2
Let k(l) = -8*l - 13. Let d(u) = -u. Let x be (-8)/(-3) + (-65)/39. Let i(q) = x*k(q) - 6*d(q). Calculate i(-7).
1
Let i be (49/147)/(((-5)/(-6))/5). Let w(a) = -4*a**3 + a**2 - 2. Give w(i).
-30
Let b(k) = -k**3 - 10*k**2 + 10*k - 16. Let h(u) = -u**3 - 49*u**2 + 105*u + 142. Let a be h(-51). Calculate b(a).
-5
Suppose 286*m - 279*m = 21. Suppose 19 = -f - m*x, -3*f - 2*f = x + 25. Let p(z) = z**2 + z + 1. Give p(f).
13
Suppose -153 = -5*l + 27. Suppose -11*x + 5*x + l = 0. Suppose -x*v - 10*v = v. Let n(y) = y**2 + y - 9. Calculate n(v).
-9
Let v(x) = -29*x - 557. Let p be v(-19). Let m(s) = 2*s**2 + 13*s - 2. Calculate m(p).
-8
Let j(p) be the second derivative of -4 + 1/6*p**4 - p**2 - 1/20*p**5 - 3*p + 1/3*p**3. Calculate j(-2).
10
Let o(i) = -11*i - 26*i**3 - 1 + 242*i**2 - 251*i**2 + 27*i**3. Calculate o(9).
-100
Let w(t) = 12*t**2 + 3*t + 1. Suppose -n = 1, -8*v + 3*n = -5*v. Let i(z) = z**2 + z. Let f(s) = v*w(s) + 4*i(s). Give f(1).
-8
Let j = -720 + 506. Let n = 214 + j. Let y(w) = -2*w + 31. Let m(l) = -l + 16. Let k(g) = -7*m(g) + 4*y(g). Calculate k(n).
12
Let c(k) be the first derivative of k**2 - 374 - 2*k**3 + 5*k - 1/4*k**4. Let b(u) = u**3 - 3*u**2 - 2*u + 2. Let x be b(2). Calculate c(x).
-7
Let f(u) = -3*u**2 - 2 + 8 + 4*u**2 - 9*u. Let w(d) = -10*d - 41. Let n(x) = -x**2 - 20*x - 80. Let k be n(-15). Let b be w(k). Determine f(b).
6
Let a(g) be the second derivative of g**4/12 + g**3/3 - 8*g**2 - 839*g. Give a(-9).
47
Suppose 2117*r = 2135*r + 54. Let c(a) = -a + 1. Let p(o) = o**3 + 3*o**2 + o + 3. Let d(h) = 2*c(h) - p(h). Determine d(r).
8
Let c(o) be the second derivative of o**6/90 - o**5/40 + o**4/24 + 5*o**3/6 - o**2/2 - 5*o - 13. Let m(d) be the second derivative of c(d). Give m(2).
11
Let y be (3 + -3)/((3 + -7)*1). Suppose n - 721 + 713 = y. Let r(j) = 2*j - 6. Calculate r(n).
10
Let w(r) = -8*r - 3*r + 733184 + 733332 - 1467180. Calculate w(-61).
7
Let m(u) be the second derivative of u**6/180 + u**5/120 + u**4/4 - 30*u. Let j(l) be the third derivative of m(l). Let p = -6 + 7. Calculate j(p).
5
Let z = -2 + 3. Let m(c) = -c - 449*c**2 - 3*c**3 + 1 + 146*c**2 + 146*c**2 + 150*c**2. Let x(h) = h**3 - h - 1. Let l(b) = z*m(b) + 2*x(b). Calculate l(-6).
-19
Let t be (-57)/(-19)*(-3 - (-3 - (-3 - 0))). Let o(x) = -12 + 2*x - 3*x - 1. What is o(t)?
-4
Suppose 2*y = 5*g - 9, -2*y + 4*g = y - 4. Let t be y/(-10)*(42/(-12) + 1). Let l(b) = -2 - 5*b**2 + 20*b**2 - 9*b**2. Calculate l(t).
22
Let n(x) be the second derivative of x**5/20 + 17*x**4/12 + 41*x**3/6 - 23*x**2/2 + 3*x - 1163. Calculate n(-14).
-9
Let h(i) = -i + 16. Let y be h(15). Let r = 45 - 42. Let k(a) = -160*a**3 + 166*a**r - 3 + 2. Calculate k(y).
5
Let b(k) be the first derivative of -3*k - 1/2*k**2 + 4. Give b(0).
-3
Let z = 5055 - 3606. Let x(y) = -3*y**2 - z - 3*y + 726 + 720. Calculate x(-3).
-21
Let k(b) be the first derivative of -17/2*b**2 + b - 136. Give k(2).
-33
Let z(y) be the first derivative of y**3/3 + 2*y**2 - y - 193. Let m(w) = -w**2 - 8*w + 30. Let u be m(-11). Determine z(u).
-4
Let y(w) = 112*w**2 - 10 - 6*w + 112*w**2 + w**3 - 323*w**2 + 104*w**2. Calculate y(-5).
20
Let u(g) be the second derivative of -g**3/6 - g**2 + 6*g + 749. Suppose 0 = -4*w - 19 - 1. Give u(w).
3
Suppose h = -u - 12 + 10, 0 = 5*h - u - 8. Let c(w) = -h - 4 - 13*w**2 + 3 + 3. Give c(-1).
-12
Suppose -19 = -d - 0*k - 3*k, k + 111 = 5*d. Suppose 3*c + 2 - 11 = -5*z, 5*c + d = 4*z. Let g(w) = -z*w + 2 - 3*w + 2*w + 2*w. Give g(-5).
12
Let n(u) = -15*u